-11). Let q = t - 93. List the prime factors of q.
3, 7
Let m be ((-626)/(-5))/(36/90). Let x = m - 223. List the prime factors of x.
2, 3, 5
Suppose -27*x + 12702 = 2*x. List the prime factors of x.
2, 3, 73
Let a(z) = -z**3 - 28*z**2 + 15. Let r be a(-28). List the prime factors of 1632/r + (36/30 - 1).
109
Suppose 0 = 3*g - 2*j - 8 + 1, 2*j - 5 = -g. Suppose 12 = p - 2*s - 16, -124 = -g*p - 4*s. What are the prime factors of p?
2, 3
Suppose 3*o = -4*t + 22, -5*t + t - 14 = -3*o. Suppose -34 = -3*b + g, -3*b + 2*b - g = -o. List the prime factors of b.
2, 5
Let p be 3/((-92)/(-20) + -4). Suppose -3*s + 3 = -5*d - 1, -p*d - 32 = s. What are the prime factors of (9 + 1)*(s - -8)?
2, 5
What are the prime factors of (-5680)/(-14) - ((-76)/(-28) + -3)?
2, 7, 29
Let z be (-408)/30 + (-2)/5. Let a be z/(-4) - (-21)/14. Suppose 0 = a*j - 6*j + 48. List the prime factors of j.
2, 3
Suppose 2*x = 2*n - 0*x - 14, -8 = 2*x. Let v(d) = d**3 - 3*d**2 + d + 3. Let a(c) = c**2 + c - 1. Let h(b) = 2*a(b) + v(b). List the prime factors of h(n).
2, 7
Let p(l) = -l - 2. Let v be p(-4). Suppose 0 = -4*w - v*o + 72, -2*w = -o - 8 - 36. List the prime factors of w.
2, 5
Let g = -16 + 25. Suppose -4*m = g - 25. What are the prime factors of m?
2
Let l(r) = -61*r**3 - 7*r**2 - 6*r + 2. List the prime factors of l(-2).
2, 3, 79
Suppose 154*j = 157*j - 1170. What are the prime factors of j?
2, 3, 5, 13
Let q(r) = 0*r + 7*r + 5*r - 53 + 11. List the prime factors of q(8).
2, 3
Suppose 5*z + 12 = s, -s = 2*z - z + 6. List the prime factors of s/((-14)/39 + 3/9).
3, 13
Let w(g) = -19*g**3 - 2*g**2 - 4*g + 1. Let m be w(-2). Suppose 0*s + 3*s - m = -f, s + 3*f = 51. List the prime factors of s.
3, 17
Let w be 1*(16/4 + -4). Suppose w = -4*h + 2 + 2. What are the prime factors of (-1)/((h + -2)/21)?
3, 7
Suppose 37 = 5*n - 83. Let h be (-763)/(-8) + (-9)/n. Let g = h + -47. List the prime factors of g.
2, 3
Let a(j) be the first derivative of -4*j**2 - 17*j - 5. Let y = -15 - -4. List the prime factors of a(y).
71
Let c be (-7)/56 + (-114)/(-16). Let n = 153 + c. What are the prime factors of n?
2, 5
Let v be 6 + -5 + -3 + 10. Let d(a) be the third derivative of a**4/6 + 5*a**3/3 - a**2. List the prime factors of d(v).
2, 3, 7
Let j(o) = -3*o + 5. Suppose -4*n + 2*y = 4, 5*y = -n + y + 8. What are the prime factors of j(n)?
5
Let z(j) = j**2 - 4*j + 6. Let g be z(3). Suppose 2*d + g = 3*d. Suppose -a + 21 = d*b, 0*a + b = a - 33. What are the prime factors of a?
2, 3, 5
Let o(l) = -l**3 + 6*l**2 + 20*l - 25. Let b be o(8). Suppose 3*v - 236 = -g, 5*v = -3*g + b*g - 876. What are the prime factors of g?
2, 7
Suppose -25*u + 24968 = -19782. What are the prime factors of u?
2, 5, 179
Suppose g = -6*d + 2*d - 32, 29 = -5*d - 4*g. Let p(h) = -2*h**2 - 15*h - 3. Let b be p(d). What are the prime factors of 20/b - (-101)/3?
3, 11
Let n(y) = 158*y + 11. List the prime factors of n(1).
13
Let l be 6/27 - 16/(-9). Let b(a) = 7*a**2 - 4*a - 4. Let z be b(-4). Suppose 2*v = -4, 3*u + l*v - z = 1. List the prime factors of u.
43
Let h(a) = 6*a**3 - 5*a**2 - 8*a + 9. List the prime factors of h(5).
2, 3, 11
Let q(r) = -2*r**2 + 39*r - 24. Let d be q(19). What are the prime factors of 1 + (d - -208) + 1?
5, 41
Suppose -212*g = -190*g - 32802. What are the prime factors of g?
3, 7, 71
Suppose -3*i = -126*i + 119064. List the prime factors of i.
2, 11
Suppose 2 = -2*d - 4*m, 0*m - 3 = 3*d - 3*m. What are the prime factors of (((-15174)/(-24))/(-9))/(d/4)?
281
What are the prime factors of (-20)/(5 - (-164)/(-32))?
2, 5
Let i be 0 + 126 - 2/1. Let l = 214 - 212. Suppose -i = -4*d + 2*o + o, -3*d + 93 = l*o. List the prime factors of d.
31
What are the prime factors of 10*1004/12*(-3)/(-2)?
5, 251
Let u = 146 + 819. What are the prime factors of u?
5, 193
Let l = -869 + 1473. List the prime factors of l.
2, 151
Suppose 0 = 386*x - 380*x - 32682. List the prime factors of x.
13, 419
Suppose -11 = -5*n + 2*o, -n - 3 = 6*o - 9*o. Suppose 5*l - n*s - 478 = 0, -2*l = -s + 4*s - 208. What are the prime factors of l?
2, 7
Let f(b) = -10*b + b**3 - 6*b + 1 - 9*b**2 + 7 - 2. What are the prime factors of f(11)?
2, 3
Let t(u) = -2*u**3 + 2*u**2 - 7*u - 10. Let h be t(-6). Suppose -48 + h = 8*z. What are the prime factors of z?
61
Let b(a) = 250*a + 67. What are the prime factors of b(4)?
11, 97
Let j = -6 - -19. Let u be j + -9 - (0 - -1). List the prime factors of u/(-2) + 62/4.
2, 7
Suppose 34 = 3*f - 5*d, -3*d = -5*f + 12 + 18. Suppose -f*n + 7 = 1. Suppose -v = 3*v - n*u - 212, -5*u + 106 = 2*v. What are the prime factors of v?
53
Suppose -7*h = h - 2304. List the prime factors of h.
2, 3
Suppose -7*v + 88 = v. Let q = 0 + v. Suppose q - 43 = -8*b. What are the prime factors of b?
2
Let j(q) = 10*q**2 - 26*q - 66. What are the prime factors of j(-14)?
2, 1129
Let d = -660 - -1385. What are the prime factors of d?
5, 29
Let v be ((-8)/10)/((-12)/570). Let t = 23 - v. Let r = 22 + t. List the prime factors of r.
7
Suppose 0*t - 5*t + 39 = -2*c, 3*t - 5*c = 31. Suppose t*y - 5*y - 136 = 0. List the prime factors of y.
2, 17
List the prime factors of 6/(-15) + 586382/205.
2, 5, 11, 13
What are the prime factors of 3 - 31/((-155)/5550)?
3, 7, 53
Let u be 99/(-30)*-2 + (-4)/(-10). List the prime factors of ((-10)/1)/(u/(-196)).
2, 5, 7
Suppose q - 3*q - 2518 = -4*h, 0 = 5*q + h + 6284. What are the prime factors of 24/(-42) - q/7?
179
Let z = -8 + 47. Suppose -5*v - z + 219 = 0. What are the prime factors of v?
2, 3
Suppose -p - 499 = -3*h, 660 = 4*h - p - 3*p. Suppose 0 = -5*a - 22 + h. What are the prime factors of a?
29
Suppose -5*k = -2*h - 1209, -k + 249 = -0*k + 2*h. Suppose -9*d + k = -6*d. What are the prime factors of d?
3
Suppose -2*t + 0*t = -4. Let z be (-40)/(-50)*75/t. Suppose -2*a = -3*a - 5*y + z, 0 = -a + 5*y. What are the prime factors of a?
3, 5
Let f = 13 + -11. Let t be (-6)/f - (12 - 10). Let p = -1 - t. List the prime factors of p.
2
Let o be (-4)/(-6)*735/14. Let k = o - 27. Let n(x) = 2*x**2 - 11*x + 6. List the prime factors of n(k).
2, 23
Let o(b) = b**2 + 38*b - 206. What are the prime factors of o(29)?
3, 193
Let x = -18 + 6. Suppose 1 - 17 = t. Let s = x - t. What are the prime factors of s?
2
Let n be 2*1*80/(-32). Let o(h) = h**2 - 5*h - 9. What are the prime factors of o(n)?
41
Suppose o - 1629 - 2650 = 5*w, -4*w - 8534 = -2*o. List the prime factors of o.
4259
Let x(t) = 5*t. Let o(b) = -b + 8. Let g be o(7). Let a be x(g). Suppose v = -a + 45. List the prime factors of v.
2, 5
Suppose -3*v - 2*v + 23 = -w, 5*v - 2*w - 21 = 0. Suppose -v*k = -3*k - 102. What are the prime factors of k?
3, 17
Suppose -1833 = 27*a - 9339. What are the prime factors of a?
2, 139
List the prime factors of (52 - 2)/(17/561).
2, 3, 5, 11
Let o(p) = -12*p + 2. Let y be o(1). Let a be (-122)/y - (-7)/(-35). Let u = 8 + a. What are the prime factors of u?
2, 5
Let w(k) be the third derivative of 0*k - k**3 + 1/60*k**5 + 0 + 2*k**2 + 0*k**4. What are the prime factors of w(-5)?
19
Suppose -3*d - 3 = 3*a, 6 = 5*d - 5*a + 1. Suppose -b - 14 = -d. List the prime factors of (-3)/3*b - 3.
11
Let f = 1238 + -699. What are the prime factors of f?
7, 11
Let i be ((1/2)/((-7)/(-42)))/1. Suppose -i*y - 5*c = -215, 3*y - 2*c - 137 - 113 = 0. What are the prime factors of y?
2, 5
Let y = 2777 - -1086. List the prime factors of y.
3863
Suppose 2*q = 3*a, -4*q + 0*a + 4*a - 8 = 0. List the prime factors of 458/4 - 3/q.
5, 23
Suppose 7*r + 2*r = 855. Let y = r - 66. What are the prime factors of y?
29
List the prime factors of (285/114)/((-2)/(-2796)).
3, 5, 233
Let m(x) = x**3 + 5*x**2 - x + 4. Let p be m(-4). Let l = p - 29. Let j(n) = -8*n - 2. List the prime factors of j(l).
2, 19
Let b be 11 + (-2 + -1)*(-3 - -2). Let l(x) = -x**2 - 11*x + 3. Let y be l(-7). Let w = y + b. List the prime factors of w.
3, 5
Suppose -74 = 5*f + 51. Suppose 2*n + 2*x + 104 = 0, 2*n - 5*x + 51 = -25. Let k = f - n. What are the prime factors of k?
23
Let v(z) = -z**3 + 4*z**2 + 4*z + 5. Let d be v(5). Suppose -2*x - 3*x - 2*l - 5 = d, -12 = 3*x + 3*l. Let w = x + 3. What are the prime factors of w?
2
Let k be (2 - 5)*20/(-12). List the prime factors of (1 - 2)*(-295 + k).
2, 5, 29
Let f = -65 - 39. Let j = -30 - f. List t